-h*u + 254 = 4*o. Suppose -5*w + 2*d + 221 = -361, w - u = 3*d. What is the units digit of w?
6
Suppose 0 = -17*s - 3177 - 3351. Let k = 804 - s. What is the tens digit of k?
8
Let l be (0 - -1)/1 + 10. Let c(s) = -s**3 - 2*s**2 + 99*s + 198. Let g be c(-2). Suppose g = -l*d + 8*d + 324. What is the hundreds digit of d?
1
Suppose -5*g - 172*w + 168*w = -228023, 5*w - 228030 = -5*g. What is the units digit of g?
9
Suppose 10 = -14*v + 10. Suppose -10*d + 4142 + 2398 = v. What is the hundreds digit of d?
6
Suppose -3*x + 1202 = -1165. Let a be 19341/(-39) - (-50)/(-650). Let m = a + x. What is the units digit of m?
3
What is the hundreds digit of 456*35 - 17 - 9?
9
Let r(l) = 2*l + 16. Let g be r(-6). Suppose -3*n - 5*y = -1202, 0 = -4*n + g*y - y + 1593. What is the tens digit of n?
9
Suppose 214 = -5*m + z, 0 = -5*z + 2*z - 3. Let r = m - -51. Suppose 0 = 7*u - r*u + 233. What is the units digit of u?
3
Suppose 1337*g - 1335*g = 13476. What is the hundreds digit of g?
7
Let y be (-6412)/(-4)*3/21. Suppose v - 1030 = -y. What is the tens digit of v?
0
Let a(n) = 201*n - 177. What is the tens digit of a(15)?
3
Suppose -4*b - 246 = o, -3*b - 2*b - 312 = -o. Let z = 42 - b. What is the tens digit of z?
0
Let w(y) = 120*y + 68. Let j = -136 - -139. What is the hundreds digit of w(j)?
4
Let c(s) = s**3 + 18*s**2 + 8*s - 14. Suppose 6 = o + 3, -3*z - o = 48. Let w be c(z). Suppose -41 = a - w. What is the units digit of a?
8
Let i be (-88)/110 - (-136)/(-5). What is the units digit of (-9177)/i + 3/(-4)?
7
Let j(d) = 350*d + 6106. What is the thousands digit of j(31)?
6
Suppose -5*g = -25 + 10. Let w = 2 - 0. Suppose -4*m - o + 127 = -g*m, 0 = -w*o + 8. What is the tens digit of m?
2
Suppose -4*f + 3*x - 3180 = -349, -3*f - 4*x - 2092 = 0. What is the tens digit of 0 + (-9)/(36/f)?
7
Suppose 13*h - 137 = -228. What is the tens digit of -222*(h - (-112)/21)?
7
Let i(r) = r**2 + r + 1. Let j(h) = -h**2 - 2*h - 2. Let y(b) = 2*i(b) + j(b). Let x be y(-2). What is the tens digit of -1*(x + -7 - 10)?
1
Let c = 124 - 208. Let i = 258 + c. What is the units digit of i?
4
Let t be (0 - 28/5)/(6/(-195)). Let p = t + 86. What is the tens digit of p?
6
Let g be 7/(84/18) - (-299)/2. Let v = g + -114. What is the units digit of v?
7
Let t(i) be the second derivative of 3*i**5/20 - i**4/3 - i**3 + i**2 + 12*i. Let f(a) = 3*a**2 + a + 2. Let x be f(-1). What is the units digit of t(x)?
6
Let s = -4758 + 26624. What is the thousands digit of s?
1
Let d = 25312 - 11863. What is the thousands digit of d?
3
Let s be (-144)/(-8)*4/8. Suppose 8*g = s*g + 4*i - 841, -4*i = 4*g - 3400. What is the units digit of g?
3
Let c be (-12)/(-9)*171/(-6). Let d = c - -42. Suppose 0 = -5*p - t + 2, -8 = d*p + 4*t - 0*t. What is the units digit of p?
1
Let v(c) = -c**3 + c**2 + c + 17. Let h = -87 - -87. Let o be v(h). Suppose o*x - 19*x = -468. What is the units digit of x?
4
Suppose -46*c + 48*c = 2*a + 12400, -2*c = 2*a - 12392. What is the hundreds digit of c?
1
Suppose 3*w + v = -8 + 66, 5*v - 100 = -5*w. What is the hundreds digit of w/76 + -1 + 3153/12?
2
Let n = -1272 + 3739. What is the tens digit of n?
6
Suppose -154*p + 138225 = 152*p - 301*p. What is the ten thousands digit of p?
2
Let h = 106 + -31. What is the hundreds digit of (1440/h)/((-4)/(-30))?
1
Let y = 151 - 73. Suppose 27 + y = -5*i. What is the tens digit of 91/i*(-1 + 40)*-1?
6
Suppose -32*w + 284984 = -490568. What is the tens digit of w?
3
Suppose 4*g - 33*g + 362350 = -19957. What is the hundreds digit of g?
1
Suppose -4 = w - 9. What is the hundreds digit of 495/w - (-5 + 1)?
1
Let n = 10753 - 7278. Let r = n + -1729. What is the units digit of r?
6
Let h(m) = -71*m + 176. Let x be h(11). Let t = x - -977. What is the hundreds digit of t?
3
Let g be (6 + 3)/((-12)/(-8)). Suppose 4191 = g*w - 2967. What is the tens digit of w?
9
Suppose 2*n - 25 = -19. Suppose 3*q - 1112 = 2*r, r - 1106 = -n*q - 3*r. What is the hundreds digit of q?
3
Let s(c) = 4*c**2 + 29*c + 32. Let j(a) = a**3 + 12*a**2 - 10*a + 31. Let m be j(-13). What is the units digit of s(m)?
6
Let v(q) = -q**2 - 25*q - 21. Let i be v(-24). Suppose 0 = -i*w + 7*w - 16, -718 = -2*b + 4*w. What is the units digit of b?
7
Let a(w) = -2*w**3 - 55*w**2 - 69*w - 108. What is the tens digit of a(-32)?
1
Suppose 3*u = n - 6, -2*n + 3*u + 3 = -3. Suppose n*q + 2282 = 14*q. What is the hundreds digit of q?
1
Suppose 105*k + 62*k + 16780 = 53186. What is the tens digit of k?
1
Let q(i) = i**2 - 9*i + 19. Let v be q(6). Let k(n) = 201*n**2 + 9*n + 1. What is the tens digit of k(v)?
1
Suppose -39*f - 3186 = -30*f. Let r = f - -623. What is the hundreds digit of r?
2
Let v(t) = t**3 + 6*t**2 - 17*t - 6. Let m be v(-8). Suppose m*j - 382 = 2*i, -2*j + 5*i - 173 = -3*j. Suppose 452 = 5*r - j. What is the tens digit of r?
2
Suppose -123988 = 30*h - 419728. What is the tens digit of h?
5
Let v(r) = r**3 + 11*r**2 - 17*r - 5. Suppose -5*m - 4*w - 7 + 0 = 0, -2*w = m - 1. Let g be 178/(-16) + m/(-24). What is the hundreds digit of v(g)?
1
Let j = -5501 - -7073. What is the thousands digit of j?
1
Suppose -4*u - i = 2*i - 27, 2*u - i = 1. Let f be 0*((-2)/2)/u. Suppose -6*a = -f*a - 24. What is the units digit of a?
4
Suppose -3*l + 68515 = -17*l + 360303. What is the hundreds digit of l?
8
What is the thousands digit of 21117 - 10*(-48)/(-40)?
1
Let k be 24/64 - (-2603)/(-8). Let z = 526 + k. What is the units digit of z?
1
Suppose -5*b - 4*n = -6*n - 7534, -n = -3. Suppose -1507*l + b*l - 368 = 0. What is the hundreds digit of l?
3
Let d(f) = 41*f**2 + 6*f - 7. Let u be d(3). Let k = u - 277. What is the tens digit of k?
0
Suppose 8*l - 17547 = -3*n + 3*l, -2*l = -5*n + 29214. Suppose 26*q - n = 22*q. What is the hundreds digit of q?
4
Suppose -4*a + 4896 = -4*o, 4*o = 9*a - 11*a + 2436. Suppose 0 = 1221*j - a*j + 2048. What is the thousands digit of j?
2
Suppose 5*z + 295 = b, -b + 5*b - 2*z = 1126. Let m = 543 - b. What is the hundreds digit of m?
2
Suppose 37*t + 12*t - 17*t - 381824 = 0. What is the tens digit of t?
3
Let d(p) = -21*p - 120. Let v be d(-6). Let f(k) = -8*k + 49. What is the units digit of f(v)?
1
Suppose -u + 6*u - 2*m = 45, 0 = -4*u + 5*m + 36. Suppose -u*z = -17*z + 1536. What is the units digit of z?
2
Let d(x) = -108*x + 13*x - 241 - 127*x - 3*x - 10*x. What is the hundreds digit of d(-6)?
1
Suppose h + 0*h = 6. Suppose -2*f - 3*s + 6 = 16, -2*s = 2*f + h. What is the units digit of (f - 42)/(1 + -2)?
1
Let n be (-3212)/(-18) + (-4)/9. Let v = n - 7. What is the tens digit of v?
7
Let z(o) = 15*o**2 + 100*o - 38. What is the units digit of z(-24)?
2
Suppose -2*z - 3 = -9. Suppose -1179 = 3*x - z*m, -2*x - 798 = -2*m - 3*m. Let k = -205 - x. What is the hundreds digit of k?
1
Let t = -273 - -273. Suppose -3343 = -0*x - 4*x - 3*s, 5*s + 15 = t. What is the tens digit of x?
3
Let c = -418 - -420. Suppose -5306 = -5*u + 3*j + 1031, -2538 = -2*u + c*j. What is the hundreds digit of u?
2
Suppose 0 = 3*i + 2*b + 17, -9*i + 5*b + 11 = -12*i. Let v(z) be the first derivative of -z**4/4 - 2*z**3 - 5*z**2/2 - z + 2. What is the units digit of v(i)?
3
Let f(i) = i**3 - 17*i**2 + 39*i - 128. What is the hundreds digit of f(30)?
7
Let n = 5924 - -6546. What is the ten thousands digit of n?
1
Let m be (-26)/(-39)*(-6)/4. What is the units digit of (-1 + m)*(0/(-6) + -260)?
0
Let b(z) = 400*z**2 - 13*z - 6. Let s be b(-4). Suppose 0 = -15*j + 64 + s. What is the units digit of j?
4
Suppose 3*d - 8*d = -17300. Suppose 4*s = -3*p + d, 3*s = -s + 16. What is the tens digit of p?
4
Suppose 4*q - 5*r - 118446 = 0, -q - 30*r + 29616 = -32*r. What is the ten thousands digit of q?
2
Let k be 631/((-7)/21*-3). Let r = -359 + k. What is the tens digit of r?
7
Suppose -16*n = -17*n - 355. Let c = -146 - n. What is the hundreds digit of c?
2
Let b(y) = 54*y - 53. Let m be b(1). What is the units digit of (294/168)/(m/12*3)?
7
Suppose 5*g = 2*b - 19, -6*b + 2*b + 2 = 2*g. Let i be g/5 - (8/(-5) + 3). What is the tens digit of i/(-4) - 1351/(-14)?
9
Suppose -5*z = 15*w - 17*w - 9330, 2*w = z - 1866. Suppose -54*g = 3*s - 51*g - z, -s + 2*g = -607. What is the hundreds digit of s?
6
Let u(d) = 29*d**3 + 2*d**2 + d. Let p be u(-1). Let o = p - -32. What is the units